 -26 - 44*n - 5 - 9 + 39*n. What are the prime factors of f(-17)?
3, 5
Suppose -5*j + u - 3 = 0, 4*j - 1 = u - 4. Suppose -4*k + 322 + 42 = j. What are the prime factors of k?
7, 13
Let o(u) be the third derivative of u**5/60 - 25*u**4/24 + 227*u**3/3 + 213*u**2. What are the prime factors of o(0)?
2, 227
Suppose -3*a = m + 5, 3*m = -2*m - 2*a + 1. List the prime factors of m/(-7) - 165520/(-280).
3, 197
Suppose -2*l - 13 = -41. Let i(x) = 6*x + 27 - 4 - 2*x. What are the prime factors of i(l)?
79
Let r(a) = -a**3 - a**2 + a + 7. Let l be r(0). Suppose -3*m + 270 = l*m. What are the prime factors of m?
3
Let f = 3 - 6. Let v be 1 + f + 4 + 2. Suppose 4*l - 132 = -v*g, 9*g = 4*g - 4*l + 166. List the prime factors of g.
2, 17
Suppose 3*t - 22*n + 19*n - 1782 = 0, -n + 2946 = 5*t. Let a = t - 349. List the prime factors of a.
241
What are the prime factors of (-65)/195*(2 - 21983)?
17, 431
Let h(z) = 5855*z**3 - 27*z + 16. Let k(c) = 1952*c**3 - 9*c + 5. Let r(g) = 4*h(g) - 11*k(g). What are the prime factors of r(1)?
2, 487
Let p(b) = -5*b**3 - 10*b**2 + 8*b + 3. Suppose -5*h + 3*a - 10 = 3, -8 = 2*a. What are the prime factors of p(h)?
2, 13
Let c(x) = -11*x**2 - 34*x + 1. Let f be c(-3). Suppose 0 = 4*o + 2*i - 810, f*o + 0*i - 835 = 3*i. List the prime factors of o.
5, 41
Let w(z) be the first derivative of -91*z**2/2 + 129*z - 210. What are the prime factors of w(-2)?
311
List the prime factors of 14462/(-4)*27*(-88)/1386.
2, 3, 1033
Suppose 3*c + 24 = -2*u, -c - 4 = -3*c. List the prime factors of (0 - 158/(-4))*(-11 - u).
2, 79
Let i be (-34)/289 + (-2)/(-17). Suppose s + i*s = 2*q - 3879, 2*q + s = 3881. What are the prime factors of q?
2, 5, 97
Let s(t) = 16*t**2 + 28*t + 356. What are the prime factors of s(27)?
2, 1597
Suppose q - 2*q = -4. Let d(b) = b**3 - b + 2. Let u be d(1). Suppose 0 = -u*x + r + 227, -q*x - 5*r + 449 = -2*r. List the prime factors of x.
113
Let r(l) = -124 + 190*l + 29*l + 21. List the prime factors of r(4).
773
Let d(c) = 36*c**2 - 7*c - 7. Suppose w = 4*u + 7, 4*w + u - 4*u = 2. What are the prime factors of d(w)?
2, 3
What are the prime factors of (-62)/(-341) + (-100182)/(-33)?
2, 3, 11, 23
Suppose 3*l - 76 + 64 = 0. Suppose -6*m - l = -8*m, 4*c - 5*m = 2258. List the prime factors of c.
3, 7
Suppose -2*o = -3*a + 25504, 4*a = 84*o - 86*o + 34038. What are the prime factors of a?
2, 4253
Let a be 2/(-27) - (-15255)/(-729). List the prime factors of (-63)/(-147) - (-1 + 27963/a).
31, 43
Let x(o) = 3978*o + 236. What are the prime factors of x(2)?
2
Suppose 0 = -5*f - q - 46, -2*q + 10 = f + 21. List the prime factors of 4 - (112/(-3))/(f/(-27)).
2, 29
Let h(n) = 4*n**2 + 225*n + 1149. List the prime factors of h(-5).
2, 31
Let l = 10085 - 2360. Suppose 30*g = 15*g + l. List the prime factors of g.
5, 103
Let k be (4 + -5)*1*(5 + -1). Let j be 2782/5 + 0 - k/(-10). Suppose -9*o = -1217 - j. List the prime factors of o.
197
Let f = 77 - 75. Suppose 6 - f = 2*l. Suppose l*j - 5*j + 369 = 0. What are the prime factors of j?
3, 41
Let w(b) = -60*b + 1258. Let f(o) = 180*o - 3775. Let l(i) = 2*f(i) + 7*w(i). List the prime factors of l(0).
2, 157
Suppose 1841 = 3*t + 5*d - 328, 2*d + 1446 = 2*t. Suppose -332*u + 329*u + t = 0. What are the prime factors of u?
241
Suppose -3*z + 1249 = -2*f, f = 4*f + 2*z + 1841. Let u = 1350 + f. List the prime factors of u.
733
What are the prime factors of (-4648)/(6/(-11) - (-14)/308)?
2, 7, 83
What are the prime factors of -1*3 + (-187451)/(-7) - (-162)/567?
2, 3347
Suppose -3*h - 4*h = 7. Let f be h*-3*(-128)/6. What are the prime factors of f/3*(-6)/4?
2
Let b = 10399 + -9601. What are the prime factors of b?
2, 3, 7, 19
Suppose j + 46 = 6*j + 3*w, -2 = -w. What are the prime factors of (-26)/8*j/(3 - 5)?
13
Suppose 4*o + 2*n - 34 = 0, 0 = -4*o + o - 4*n + 38. Suppose 2*h = o*c - 2*c + 694, 4*h - 3*c = 1363. What are the prime factors of h?
337
Let p(c) = 333*c - 3013. What are the prime factors of p(55)?
2, 7, 1093
Let n be 1 + -5 + -1 + 7. List the prime factors of 20/30*(22 + n).
2
Let m(b) = -4118*b - 707. List the prime factors of m(-9).
5, 11, 661
Let a(u) = -2*u**2 + 27*u - 12. Let b be a(13). Let o be (b - (5 + -1))/(-1). What are the prime factors of (-12)/o - -8 - -61?
5, 13
Let x(q) = -5268*q - 2043. List the prime factors of x(-3).
3, 11, 139
Suppose 3 = -d + 4*z, -3*d - 2*z = -0*z - 19. Suppose 30*n - 32*n = -468. Suppose -3*x - n = -0*y - y, x + 1240 = d*y. List the prime factors of y.
3, 83
Suppose 56871 = -198*m + 207*m. What are the prime factors of m?
71, 89
Let g be ((-5)/(-5))/(1/(-2)). Let u be 4/(8/(-9))*40/(-3). List the prime factors of 10248/u - g/10.
3, 19
Let g be 40/(-6)*(-1 + 267/6). Let f be (g/(-22))/1 + 4/(-22). Suppose 15*s = f*s + 76. What are the prime factors of s?
2, 19
List the prime factors of (((-168)/(-20))/(-1))/(20/(-8850)).
3, 7, 59
Let y be 8/28 - (-59175)/(-63). Let b = -61 - y. List the prime factors of b.
2, 439
Let w = -128 - -76. Let m = 98 + w. Suppose -2*h = -m - 168. What are the prime factors of h?
107
Let j = 776 + -771. Suppose -a - 8060 = -j*v, -v - 3*v + 6419 = 5*a. List the prime factors of v.
3, 179
Let x(c) = -1027*c - 2357. List the prime factors of x(-8).
3, 7, 31
Let f = 2289 - 1461. Suppose -w + r = -414, 27*r = -2*w + 24*r + f. List the prime factors of w.
2, 3, 23
Let s(n) = -316*n - 4333. List the prime factors of s(-18).
5, 271
Suppose -37 = -5*b - 22. Let u(v) = 146*v**2 - 4*v. List the prime factors of u(b).
2, 3, 7, 31
Let t = 4551 - -965. What are the prime factors of t?
2, 7, 197
Suppose -a - 3*j = 155, 0*j + 4*j - 737 = 5*a. Let o = 421 + a. What are the prime factors of o?
2, 17
Suppose 2*l = 5*n, n = -2*n + 4*l. Let a be ((-1180)/(n - -2))/(-2). Let t = a + -173. What are the prime factors of t?
2, 61
Let b be (-1 + (-1)/(-2))/(15/(-1440)). Suppose o + b = -3*o + 4*j, j = 0. List the prime factors of 896/18 - o/54.
2, 5
Let n = 2223 - 2194. Let k = -30 - -58. Suppose 5*m = -5*r + 60, 0 = 5*r + 4*m - k - n. List the prime factors of r.
3
Suppose 4*s - 22 = -3*n, -2*s + 5*n = s - 2. Suppose 8*y + s*y = 7512. Suppose 5*c + 141 - y = -3*i, 3*c + 4*i = 302. What are the prime factors of c?
2, 47
Let v = -65 - -65. Suppose v = 13*h - 3313 - 7607. Suppose 0 = 55*m - 50*m - h. List the prime factors of m.
2, 3, 7
Suppose -2*x + 3*m - 91 = 0, -4*m = -x - 31 - 7. Let t be 108/10 + (-10)/x. Suppose 0 = -t*q + 4*q + 161. What are the prime factors of q?
23
What are the prime factors of 3/33 + 1307254/88 + (-56)/(-32)?
83, 179
Let t be ((-5201)/28)/(5/(-20)). Suppose -t = -g - j, -4*j - 215 - 2042 = -3*g. What are the prime factors of g?
3, 83
Let t(d) = -3*d**2 + 6*d + 8. Let w be t(4). Let r be (0/5 - -1)/((-2)/w). Let p(j) = 14*j - 22. What are the prime factors of p(r)?
2, 3, 5
Let g = 4886 - -3191. What are the prime factors of g?
41, 197
List the prime factors of (9122/(-10))/(31/(-310)).
2, 4561
Let d be (-3)/((-210)/69 - -3). Let a = 65 - d. List the prime factors of (-1667)/(-9) + a/18.
5, 37
Let h be 7*44 + 2 + -69 + 68. Let x = 879 + h. What are the prime factors of x?
2, 3, 11
Suppose 2*z + 53 - 155 = 0. Suppose -633 = -54*d + z*d. List the prime factors of d.
211
Let i be 54/10 + 6/10. Let y(b) = 2*b + 66. Let z(q) = 22. Let u(d) = 3*y(d) - 8*z(d). List the prime factors of u(i).
2, 29
Let l be -7*3/(-21) + 403. Let a = l - -615. List the prime factors of a.
1019
Suppose 5*j - 100 = 2*c, 7*c - 3*c = -4*j + 108. Suppose -18*w = -j*w + 228. Let g = 68 - w. List the prime factors of g.
11
Suppose 11*x = 13*x + 8. Let v(d) = d**2 + 3*d - 1. Let y be v(x). Suppose -o + 9 = 3*l - 141, -2*l = -y*o - 89. List the prime factors of l.
7
Let b = 11180 + 210. What are the prime factors of b?
2, 5, 17, 67
Suppose 4*k - 2 = 4*v + 6, 4*k - 32 = -2*v. Suppose -3*p + 5*p = -2*t + 272, p - 122 = k*t. List the prime factors of p.
2, 67
Suppose 594*l = 620*l - 102180. List the prime factors of l.
2, 3, 5, 131
Let x(v) = -2230*v + 1564. List the prime factors of x(-5).
2, 3, 13, 163
Suppose -c = -5*j + 2*c + 16, -3*c + 4 = 5*j. List the prime factors of j/(-1 - 1)*(-56 - -50).
2, 3
Let o be -2 - (-139)/2*36. Let t(a) = 5*a - 4. Let d be t(-4). List the prime factors of d/156 + 0 + o/26.
2, 3
Suppose -14*z + 13*z + 